or of 10363108?
False
Is 24 a factor of 4229672?
False
Is 232 a factor of 91514?
False
Does 150 divide 3092850?
True
Does 40 divide 45040?
True
Is 24 a factor of 195192?
True
Is 833 a factor of 666909?
False
Is 43 a factor of 347483?
True
Is 60 a factor of 1258200?
True
Is 12 a factor of 957828?
True
Is 4556552 a multiple of 55?
False
Does 53 divide 627467?
True
Is 3436704 a multiple of 144?
True
Does 45 divide 2297520?
True
Is 195776 a multiple of 59?
False
Is 676130 a multiple of 26?
True
Is 14 a factor of 158368?
True
Is 31655644 a multiple of 1036?
False
Does 10 divide 3489349?
False
Is 2 a factor of 9730?
True
Is 19 a factor of 146319?
True
Is 1250 a factor of 235572?
False
Is 110 a factor of 87340?
True
Is 453861 a multiple of 239?
True
Is 1637748 a multiple of 804?
True
Is 39 a factor of 19888531?
False
Is 56 a factor of 900592?
True
Is 211 a factor of 8651?
True
Does 205 divide 163180?
True
Does 16 divide 110381?
False
Is 494648 a multiple of 14?
True
Is 315130 a multiple of 412?
False
Is 167898 a multiple of 242?
False
Is 223542 a multiple of 99?
True
Does 657 divide 808767?
True
Is 830615 a multiple of 613?
True
Does 515 divide 969230?
True
Is 3720114 a multiple of 192?
False
Is 220 a factor of 608740?
True
Is 16 a factor of 3139105?
False
Does 121 divide 872251?
False
Is 47724 a multiple of 82?
True
Is 802740 a multiple of 20?
True
Does 37 divide 10247798?
False
Is 3 a factor of 2207137?
False
Does 275 divide 8078?
False
Is 243 a factor of 2136699?
True
Is 430 a factor of 76970?
True
Does 13 divide 1717833?
True
Is 2315628 a multiple of 84?
True
Is 20 a factor of 50361?
False
Does 15 divide 57225?
True
Is 1451 a factor of 3994603?
True
Is 562 a factor of 3260162?
True
Is 51 a factor of 2018172?
True
Is 624775 a multiple of 88?
False
Is 180576 a multiple of 288?
True
Is 547 a factor of 981318?
True
Is 9 a factor of 56981?
False
Is 15 a factor of 120120?
True
Is 179 a factor of 483121?
True
Does 316 divide 2751400?
False
Does 222 divide 943453?
False
Is 16933051 a multiple of 7?
False
Is 3 a factor of 6525?
True
Does 33 divide 12906?
False
Is 167 a factor of 2517859?
True
Is 453 a factor of 891051?
True
Is 4 a factor of 288036?
True
Is 7334490 a multiple of 410?
True
Does 12 divide 1814224?
False
Does 80 divide 65680?
True
Is 2368128 a multiple of 224?
True
Is 5 a factor of 558115?
True
Does 51 divide 119098?
False
Is 275400 a multiple of 1275?
True
Does 324 divide 490536?
True
Is 43 a factor of 110460?
False
Is 63764 a multiple of 38?
True
Does 377 divide 5796750?
False
Is 734726 a multiple of 41?
False
Is 35 a factor of 621403?
False
Is 83 a factor of 659317?
False
Is 570370 a multiple of 26?
False
Is 17 a factor of 394349?
True
Is 497005 a multiple of 201?
False
Does 53 divide 676064?
False
Is 1272690 a multiple of 37?
False
Is 10 a factor of 98700?
True
Does 44 divide 74801?
False
Does 207 divide 175645?
False
Does 16 divide 56544?
True
Is 167 a factor of 2002998?
True
Does 85 divide 23102285?
False
Is 664125 a multiple of 15?
True
Is 44289 a multiple of 111?
True
Is 22000 a multiple of 125?
True
Does 54 divide 435834?
True
Does 142 divide 896305?
False
Is 5 a factor of 71618?
False
Does 7 divide 5685991?
False
Does 15 divide 225473?
False
Is 600 a factor of 11677200?
True
Does 121 divide 6506775?
True
Is 66312 a multiple of 13?
False
Does 659 divide 5215383?
False
Does 16 divide 29040?
True
Does 118 divide 50622?
True
Is 69 a factor of 343965?
True
Is 376380 a multiple of 23?
False
Does 33 divide 485628?
True
Is 110220 a multiple of 165?
True
Is 36366 a multiple of 2?
True
Is 2511661 a multiple of 44?
False
Is 11640474 a multiple of 249?
False
Is 600003 a multiple of 63?
False
Does 385 divide 12327315?
True
Does 144 divide 1557072?
True
Is 1273715 a multiple of 976?
False
Is 1155885 a multiple of 15?
True
Is 44 a factor of 270336?
True
Does 81 divide 14441257?
False
Is 1648920 a multiple of 35?
True
Is 990777 a multiple of 51?
True
Is 146 a factor of 3114109?
False
Is 641892 a multiple of 4?
True
Does 19 divide 898856?
False
Does 13 divide 742463?
False
Is 34 a factor of 4923288?
False
Does 245 divide 7287?
False
Is 443 a factor of 7729775?
False
Does 108 divide 15282863?
False
Is 61637 a multiple of 8?
False
Does 406 divide 11771244?
False
Does 256 divide 89344?
True
Is 57199 a multiple of 45?
False
Is 12 a factor of 3499637?
False
Does 69 divide 243501?
True
Is 4 a factor of 150514?
False
Is 847045 a multiple of 11?
False
Does 472 divide 206708?
False
Is 9033886 a multiple of 573?
False
Does 17 divide 75446?
True
Does 37 divide 1531800?
True
Is 50 a factor of 1080150?
True
Is 2 a factor of 20626?
True
Is 7 a factor of 26439?
True
Is 210 a factor of 33180?
True
Is 77 a factor of 206673?
False
Is 4393266 a multiple of 686?
False
Is 124 a factor of 172622?
False
Does 818 divide 2598786?
True
Does 84 divide 208152?
True
Does 322 divide 2588236?
True
Is 348 a factor of 569787?
False
Is 25 a factor of 10615588?
False
Is 628896 a multiple of 84?
False
Does 25 divide 1051438?
False
Is 6 a factor of 102392?
False
Is 410 a factor of 1049190?
True
Is 7 a factor of 147966?
True
Is 6454917 a multiple of 6?
False
Is 23582457 a multiple of 15?
False
Is 1035640 a multiple of 7?
False
Is 663029 a multiple of 47?
True
Is 39 a factor of 1551415?
False
Does 18 divide 45684?
True
Is 95620 a multiple of 20?
True
Is 2809128 a multiple of 24?
True
Is 54 a factor of 5853330?
True
Does 12 divide 53668?
False
Is 135134 a multiple of 9?
False
Does 51 divide 8508?
False
Is 30 a factor of 1505329?
False
Is 10 a factor of 384947?
False
Is 180082 a multiple of 161?
False
Is 133 a factor of 24091886?
True
Does 8 divide 154407?
False
Does 22 divide 663856?
False
Does 29 divide 112694?
True
Does 15 divide 345330?
True
Is 44595 a multiple of 15?
True
Is 987598 a multiple of 527?
True
Is 2092703 a multiple of 62?
False
Does 58 divide 28420?
True
Is 32658 a multiple of 20?
False
Is 22 a factor of 49284?
False
Is 9 a factor of 969369?
False
Is 40 a factor of 423600?
True
Is 1739420 a multiple of 31?
False
Is 11 a factor of 19415?
True
Does 16 divide 309360?
True
Is 65203 a multiple of 325?
False
Does 299 divide 1973855?
False
Is 5956932 a multiple of 97?
False
Does 26 divide 3418818?
True
Is 76 a factor of 531442?
False
Is 1210822 a multiple of 260?
False
Is 2447687 a multiple of 6?
False
Is 245650 a multiple of 170?
True
Does 46 divide 27077?
False
Is 274032 a multiple of 792?
True
Is 3 a factor of 40071?
True
Is 16 a factor of 539885?
False
Does 69 divide 298835?
False
Is 12797127 a multiple of 57?
True
Is 137 a factor of 5824281?
True
Does 1799 divide 6408038?
True
Does 58 divide 35090?
True
Is 832647 a multiple of 27?
False
Is 30962 a multiple of 4?
False
Does 259 divide 296037?
True
Is 129 a factor of 119067?
True
Is 438744 a multiple of 12?
True
Is 35 a factor of 508830?
True
Does 63 divide 546543?
False
Is 27580 a multiple of 70?
True
Does 143 divide 538069?
False
Is 117 a factor of 321750?
True
Is 609632 a multiple of 10?
False
Does 187 divide 8041?
True
Does 514 divide 1082430?
False
Is 57395 a multiple of 65?
True
Does 259 divide 278943?
True
Is 312915 a multiple of 69?
True
Does 12 divide 69661?
False
Is 43795 a multiple of 19?
True
Does 127 divide 349377?
True
Is 575185 a multiple of 65?
True
Is 31 a factor of 1299179?
True
Is 1178592 a multiple of 48?
True
Is 50 a factor of 51570?
False
Is 252 a factor of 3076925?
False
Is 35 a factor of 2768119?
False
Is 4621507 a multiple of 47?
False
Is 32 a factor of 65616?
False
Does 223 divide 4397824?
False
Is 2382665 a multiple of 10?
False
Is 10 a factor of 226790?
True
Does 7 divide 565754?
True
Is 1100 a factor of 2074600?
True
Does 179 divide 3516263?
False
Does 17 divide 89046?
True
Is 94 a factor of 1262796?
True
Is 61 a factor of 440847?
True
Is 3800526 a multiple of 11?
False
Is 60 a factor of 11112?
False
Does 30 divide 25821?
False
Is 570 a factor of 3572190?
True
Is 989155 a multiple of 9?
False
Does 40 divide 300696?
False
Is 22 a factor of 2047342?
True
Does 153 divide 331704?
True
Is 44 a factor of 20020?
True
Is 32 a factor of 13071582?
False
Is 112 a factor of 494559?
False
Is 15 a factor of 1078618?
False
Does 31 divide 2193759?
False
Does 13 divide 291226?
True
Is 29947022 a multiple of 14